39
Let u be (-43)/(-6) + (44/24 - 2). Suppose -80 = u*o - 1424. What are the prime factors of o?
2, 3
Let b = -8700 - -16665. What are the prime factors of b?
3, 5, 59
Suppose -17003 = -19*l + 36938. What are the prime factors of l?
17, 167
Let b be (-5)/(-1*(-20)/(-8)). Suppose 0 = -k - q, -1 = q + b. Suppose -4*j - 61 = -k*n, 3*n + 3*j - 75 = -0*n. List the prime factors of n.
23
Suppose 0 = 5*o - 4*t - 235536, 0 = -4*t + 44 - 40. What are the prime factors of o?
2, 11777
Let g(y) = 149*y**2 + 61*y - 275. What are the prime factors of g(4)?
13, 181
Let g(w) be the second derivative of -w**5/20 + 11*w**4/12 + 4*w**3/3 + 47*w**2/2 + 70*w. What are the prime factors of g(9)?
281
Suppose 4*c - 50 + 6 = 0. Let o(u) = u**3 - 12*u**2 + 11*u - 3. Let a be o(c). List the prime factors of 60/9 + 2/a.
2, 3
Let i(c) = 4*c**3 + 20*c**2 + 4*c. Let v be i(-5). What are the prime factors of 2154*v/30*(-2)/8?
359
Let x(p) = -p**3 + 30*p**2 + 105*p + 8. Let f be x(33). Let y = 135 - -160. Let s = y - f. List the prime factors of s.
89
Let q be (-1033)/10*-2 - 4/(-10). Suppose -4*z + q = m, -4*z - z = m - 258. Let u = z + 6. What are the prime factors of u?
3, 19
Suppose -49*j + 160 = -69*j. Let g(x) = 6 - 4*x**2 + 5*x**2 - 23. What are the prime factors of g(j)?
47
Let k = -97 - -142. Let p be k - 6 - -5 - (1 - 0). Let o = p - -39. What are the prime factors of o?
2, 41
Let y = -224 + 242. List the prime factors of 24*68*y/96.
2, 3, 17
Suppose 2*z = -9*z - 330. Let w = -25 - z. Suppose -2*q + 336 = 2*q + w*c, -5*q + 425 = 5*c. What are the prime factors of q?
89
Suppose -3*a + 3*z + 28851 = -28716, 5*a - 3*z - 95955 = 0. What are the prime factors of a?
2, 3, 7, 457
Let q(x) = 14*x**2 + 8. Let k(n) be the first derivative of -n**3/3 - 23*n**2/2 - 25*n - 4. Let u be k(-22). List the prime factors of q(u).
2, 67
Suppose -18*d + 99968 = -14*d - 2*g, 4*d - 99948 = -3*g. List the prime factors of d.
2, 3, 5, 7, 17
List the prime factors of 181048/20 - 14/35.
2, 31, 73
What are the prime factors of 2614116/180 - 66/(-495)?
3, 47, 103
Suppose -19*m = -21*m + 882. Suppose -2*g + 2487 = m. What are the prime factors of g?
3, 11, 31
Let a be (-2 - -2 - 94)*42/(-28). Let o = 91 + -89. Suppose -o*p + p - 2*z + 29 = 0, 0 = -4*p - 3*z + a. List the prime factors of p.
3, 13
Let x = -263 - -275. Suppose -x*q + 7*q = -510. List the prime factors of q.
2, 3, 17
Let a be (1/(-3) - -1)/(110/(-1485)). List the prime factors of (a/(-54))/((-4)/(-5592)).
233
Suppose 2*n + 110 = 12*n. Suppose 0 = 4*a - 9 - n. Suppose -400 = -a*p + v, -3*p - v = -257 + 9. List the prime factors of p.
3
Suppose -710 = 5*c + 265. Let m(l) = 8*l - 5. Let p be m(-3). Let r = p - c. List the prime factors of r.
2, 83
Let z = -1063 - -3084. List the prime factors of z.
43, 47
Let l(z) = -2*z**3 + z**2 + 3*z. Let g be l(0). Suppose 37*h - 36*h - 146 = g. List the prime factors of h.
2, 73
Suppose -305 = -7*b - 305. Suppose 566 = 2*k - g, 5*k - k - g - 1134 = b. What are the prime factors of k?
2, 71
Let i = -122 - -112. Let j(b) = -41*b - 46. List the prime factors of j(i).
2, 7, 13
Let s be 1/(44/(-16) - -3). Suppose -k + 3*k = -s*t + 178, -3*t = -4*k - 117. What are the prime factors of t?
43
Let f(a) = -a**2 + 13*a + 28. Let t be f(15). Let m be (-1 - 0)*2/(t/5). Suppose 0 = -9*d + m*d + 64. What are the prime factors of d?
2
Let z(i) = -412*i + 16. Let p be z(-2). What are the prime factors of ((-33)/(-2))/(21/p)?
2, 3, 5, 11
Suppose -17*i = -21*i. Let o be (-3 + i)/(1/(-38)). Let g = o + -14. What are the prime factors of g?
2, 5
Let m be (-4 - 1015/(-15))*-3. Let q = -131 - m. Suppose -t = 5*h - 40, 0 = 3*h + 2*h + 5*t - q. What are the prime factors of h?
7
Let y = -9780 - -23648. List the prime factors of y.
2, 3467
Let t = 114959 + -76468. List the prime factors of t.
61, 631
Let l(c) = 1058*c**3 + 4*c**2 + 2*c - 48. List the prime factors of l(4).
2, 8467
Let q(w) = 2*w**3 + 54*w**2 + 61*w + 222. Let k be q(-26). Suppose 0 = 5*z + 3*i - 22, -5*i = -2*z + 3*z - 22. What are the prime factors of 249/k*(-6 + z + 0)?
83
Suppose 3*j = -4*q + 9, -2*j = q + 3*q - 6. List the prime factors of j/(-10) + 57799/230.
251
Let d(u) = 4*u**2 - 47*u + 1431. List the prime factors of d(-80).
41, 751
Suppose 0 = -3*i - 3*k - 294, -14*i + 15*i = -5*k - 102. Let h = 60 - i. What are the prime factors of h?
157
Suppose -110042 = -2*m - 2*c, 366*m + c = 370*m - 220124. List the prime factors of m.
3, 13, 17, 83
Suppose -3*u = -3*x - 2*u + 6, 0 = 2*x - 5*u + 9. What are the prime factors of x/(-21)*-2 - 3576/(-28)?
2
Let n = 1307 - 689. Let a = 660 + -658. What are the prime factors of 0 + a - n/(-3)?
2, 13
Let s(h) = -29 + 11 + 20 - 8*h. What are the prime factors of s(-3)?
2, 13
Let p(k) = 41*k**2 + 49*k - 80. What are the prime factors of p(-26)?
2, 7, 269
Suppose -184*u + 1046740 = -14*u + 29*u. List the prime factors of u.
2, 5, 263
Let h(t) = -17*t - 22 - 14 + 3*t + t + 62*t**2. List the prime factors of h(-3).
3, 11, 17
Let u = -1943 + 5110. What are the prime factors of u?
3167
Let s(q) = -102*q**2 - 12*q - 7. Let z(f) = 203*f**2 + 26*f + 13. Let c(t) = -13*s(t) - 6*z(t). What are the prime factors of c(3)?
5, 197
Suppose -60*o = -42*o + 1008. Let w(z) = 22*z - 3. Let c be w(5). Let s = c + o. List the prime factors of s.
3, 17
Let j(p) = -39*p - 149. Let i be j(-10). Suppose -4*r = 5*c - i - 88, c - 325 = -4*r. What are the prime factors of r?
3
Let x(h) = 49270*h**2 + 59*h - 2. What are the prime factors of x(-1)?
3, 47, 349
Suppose 24*u - 23*u - 31 = 0. Let h be ((-145)/(1 - 2))/1. Suppose h - u = p. What are the prime factors of p?
2, 3, 19
List the prime factors of (-13860)/(-660) - -515*99.
2, 3, 8501
Let x = -9801 - -20578. What are the prime factors of x?
13, 829
Let t(k) = -88*k + 546. Let l(p) = -44*p + 277. Let f(n) = 7*l(n) - 4*t(n). What are the prime factors of f(32)?
1163
What are the prime factors of (-4 - -10 - 4) + 7286?
2, 911
Let o = 44 - 51. Let x = o + 9. Suppose -7*q + 345 = -x*q. What are the prime factors of q?
3, 23
Let u(b) = 16*b + 42. Let y(c) = 2*c - 7. Let g be y(7). Suppose 48 = n + g*n. List the prime factors of u(n).
2, 3, 23
Let z(c) = 3*c**2 + 2*c - 6. Let i be z(-2). Suppose i*o + 6*o = 2408. List the prime factors of o.
7, 43
Suppose 0 = -7*b - 5 + 40. Suppose -248 = -b*s + 107. What are the prime factors of (s/3)/(9/27)?
71
Let g(p) = -p**3 - 2*p**2 - 8*p + 5. Let y be g(-7). Suppose -2*d = 8, 5*x + d = 4*x + y. What are the prime factors of x?
2, 5, 31
Suppose -3*s + 2*l = -15869 - 2023, 3*l = 2*s - 11938. What are the prime factors of s?
2, 5, 149
Let b = 133 + -136. List the prime factors of (b + (4 - 2))/((-8)/3560).
5, 89
Let k be (3 - 2)/((-4)/356). Let j = 91 + k. Suppose -4*c + j*t = -345 - 65, 3*c - 318 = 5*t. List the prime factors of c.
101
Suppose 20634 = 2*y + 4*i, -i = -172 + 166. List the prime factors of y.
3, 5, 229
Let l(x) = -x**3 - 26*x**2 + 53*x - 79. Let j be l(-28). Suppose 20 = -j*p, -2*s + 1173 + 867 = 2*p. List the prime factors of s.
2
Let z(t) be the third derivative of -t**5/60 - t**4/4 + 2*t**3/3 + 28*t**2. Let p be z(-4). Suppose p*x - 8*x = 284. What are the prime factors of x?
71
Suppose 16*v - 3 = 15*v - d, -3*d = -5*v + 23. Suppose v*t + 8*t = 6816. List the prime factors of t.
2, 71
Let y be (0*2/(-10))/1. Suppose -i + 3*k - 18 = 0, 2*i = -3*k - y*k. Let x = i + 29. What are the prime factors of x?
23
Let j(r) = -272*r + 244. List the prime factors of j(-23).
2, 5, 13
What are the prime factors of (-345)/9*(-410 - -1) - (-20)/12?
2, 5, 7
Let r = -10932 + 63970. List the prime factors of r.
2, 23, 1153
Let l = 10233 - -2371. List the prime factors of l.
2, 23, 137
List the prime factors of (-319062)/(-14) - (-688)/(-602).
13, 1753
Let n(x) = 3*x + 22. Let o be (-12)/(-24) + 18/(-4). Let i be o/(-6) - 12/18. List the prime factors of n(i).
2, 11
Suppose 9207 = -8*u - 13697. Let g = u + 4575. Suppose 9*z - g + 173 = 0. What are the prime factors of z?
3, 19
Suppose p + 2*p - 72 = 0. Let y = 27 - p. Suppose -y*o + 201 = 3*t, 2*o - 2*t = 26 + 88. List the prime factors of o.
2, 31
Let l(j) = j**3 + 7*j**2 + 14*j + 71. Let z be l(-6). Suppose -3*w = -0*w + 24. Let m = z - w. What are the prime factors of m?
31
Let b(f) = 17855*f**2 + 25*f